{"id":1236,"date":"2020-01-04T14:05:59","date_gmt":"2020-01-04T14:05:59","guid":{"rendered":"http:\/\/dutch100marathonrunners.com\/?page_id=1236"},"modified":"2025-05-24T08:46:40","modified_gmt":"2025-05-24T08:46:40","slug":"bennie-de-vries","status":"publish","type":"page","link":"https:\/\/dutch100marathonrunners.com\/?page_id=1236","title":{"rendered":"Bennie de Vries"},"content":{"rendered":"<p>Bennie de Vries volbracht op 18 mei 2025 in Letland zijn 1000ste marathon.<br \/>\n<a href=\"https:\/\/dutch100marathonrunners.com\/wp-content\/uploads\/2025\/05\/Artikel-Kanaalstreek.jpg\">Klik hier<\/a> voor het volledige artikel.<\/p>\n<p><img loading=\"lazy\" decoding=\"async\" class=\"aligncenter wp-image-1776\" src=\"https:\/\/dutch100marathonrunners.com\/wp-content\/uploads\/2025\/05\/Bennie-1000-300x234.jpg\" alt=\"Bennie de Vries volbracht op 18 mei 2025 in Letland zijn 1000ste marathon\" width=\"600\" height=\"469\" srcset=\"https:\/\/dutch100marathonrunners.com\/wp-content\/uploads\/2025\/05\/Bennie-1000-300x234.jpg 300w, https:\/\/dutch100marathonrunners.com\/wp-content\/uploads\/2025\/05\/Bennie-1000-768x600.jpg 768w, https:\/\/dutch100marathonrunners.com\/wp-content\/uploads\/2025\/05\/Bennie-1000.jpg 936w\" sizes=\"auto, (max-width: 600px) 100vw, 600px\" \/><\/p>\n<p><em><span style=\"color: #ff0000;\">&#8220;Lieber Bennie, der 100 Marathon Club Deutschland gratuliert dir herzlich zum n\u00e4chsten Jubil\u00e4um und w\u00fcnscht dir viel Erfolg beim Deutschlandlauf&#8221;<\/span><\/em><\/p>\n<figure id=\"attachment_1665\" aria-describedby=\"caption-attachment-1665\" style=\"width: 450px\" class=\"wp-caption aligncenter\"><img loading=\"lazy\" decoding=\"async\" class=\"wp-image-1665\" src=\"https:\/\/dutch100marathonrunners.com\/wp-content\/uploads\/2024\/07\/Bennie-800-6-juli-2024-verticaal.jpg\" alt=\"\" width=\"450\" height=\"600\" srcset=\"https:\/\/dutch100marathonrunners.com\/wp-content\/uploads\/2024\/07\/Bennie-800-6-juli-2024-verticaal.jpg 576w, https:\/\/dutch100marathonrunners.com\/wp-content\/uploads\/2024\/07\/Bennie-800-6-juli-2024-verticaal-225x300.jpg 225w\" sizes=\"auto, (max-width: 450px) 100vw, 450px\" \/><figcaption id=\"caption-attachment-1665\" class=\"wp-caption-text\">Bennie de Vries liep op 6 juli 2024 zijn 800ste marathon.<\/figcaption><\/figure>\n<p>&nbsp;<\/p>\n<figure id=\"attachment_1598\" aria-describedby=\"caption-attachment-1598\" style=\"width: 600px\" class=\"wp-caption aligncenter\"><a href=\"https:\/\/dutch100marathonrunners.com\/wp-content\/uploads\/2024\/01\/Benny-de-Vries-700-marathons-1.3-MB.pdf\" target=\"_blank\" rel=\"noopener\"><img loading=\"lazy\" decoding=\"async\" class=\"wp-image-1598\" src=\"https:\/\/dutch100marathonrunners.com\/wp-content\/uploads\/2024\/01\/700-bennie-de-vries-300x187.jpg\" alt=\"\" width=\"600\" height=\"374\" srcset=\"https:\/\/dutch100marathonrunners.com\/wp-content\/uploads\/2024\/01\/700-bennie-de-vries-300x187.jpg 300w, https:\/\/dutch100marathonrunners.com\/wp-content\/uploads\/2024\/01\/700-bennie-de-vries-768x479.jpg 768w, https:\/\/dutch100marathonrunners.com\/wp-content\/uploads\/2024\/01\/700-bennie-de-vries.jpg 960w\" sizes=\"auto, (max-width: 600px) 100vw, 600px\" \/><\/a><figcaption id=\"caption-attachment-1598\" class=\"wp-caption-text\">Bennie de Vries heeft op oudejaarsdag 2023 in Bremen(D) zijn 700ste offici\u00eble (ultra)marathon gelopen. Klik op de afbeelding om de publicatie te lezen.<\/figcaption><\/figure>\n<p><img loading=\"lazy\" decoding=\"async\" class=\"aligncenter wp-image-1601\" src=\"https:\/\/dutch100marathonrunners.com\/wp-content\/uploads\/2024\/01\/Oorkonde-Benny-700-300x225.jpg\" alt=\"\" width=\"600\" height=\"450\" srcset=\"https:\/\/dutch100marathonrunners.com\/wp-content\/uploads\/2024\/01\/Oorkonde-Benny-700-300x225.jpg 300w, https:\/\/dutch100marathonrunners.com\/wp-content\/uploads\/2024\/01\/Oorkonde-Benny-700.jpg 640w\" sizes=\"auto, (max-width: 600px) 100vw, 600px\" \/><\/p>\n<p><img loading=\"lazy\" decoding=\"async\" class=\"aligncenter wp-image-216 size-full\" src=\"https:\/\/dutch100marathonrunners.com\/wp-content\/uploads\/2012\/10\/Adidas-Running-shoes-2011-orange-sneakers-1-75-x-51.jpg\" alt=\"\" width=\"75\" height=\"51\" \/><\/p>\n<figure id=\"attachment_1285\" aria-describedby=\"caption-attachment-1285\" style=\"width: 411px\" class=\"wp-caption aligncenter\"><a href=\"http:\/\/dutch100marathonrunners.com\/wp-content\/uploads\/2020\/07\/3-REG01-Weekbladen-13-05-2020-GTE-1-Redactie.pdf\"><img loading=\"lazy\" decoding=\"async\" class=\"wp-image-1285 size-full\" src=\"http:\/\/dutch100marathonrunners.com\/wp-content\/uploads\/2020\/07\/Bennie-de-Vries-13-mei-2020-Kanaalstreek-Ter-Apeler-Courant.jpg\" alt=\"\" width=\"411\" height=\"554\" srcset=\"https:\/\/dutch100marathonrunners.com\/wp-content\/uploads\/2020\/07\/Bennie-de-Vries-13-mei-2020-Kanaalstreek-Ter-Apeler-Courant.jpg 411w, https:\/\/dutch100marathonrunners.com\/wp-content\/uploads\/2020\/07\/Bennie-de-Vries-13-mei-2020-Kanaalstreek-Ter-Apeler-Courant-223x300.jpg 223w\" sizes=\"auto, (max-width: 411px) 100vw, 411px\" \/><\/a><figcaption id=\"caption-attachment-1285\" class=\"wp-caption-text\">Bennie de Vries\u00a0 op 13 mei 2020 in de &#8220;Kanaalstreek Ter Apeler Courant&#8221;.\u00a0 Klik op de afbeelding om het artikel te lezen<\/figcaption><\/figure>\n<p style=\"text-align: center;\"><img loading=\"lazy\" decoding=\"async\" class=\"alignnone size-full wp-image-216\" src=\"http:\/\/dutch100marathonrunners.com\/wp-content\/uploads\/2012\/10\/Adidas-Running-shoes-2011-orange-sneakers-1-75-x-51.jpg\" alt=\"\" width=\"75\" height=\"51\" \/><\/p>\n<p>&nbsp;<\/p>\n<figure id=\"attachment_1245\" aria-describedby=\"caption-attachment-1245\" style=\"width: 376px\" class=\"wp-caption aligncenter\"><a href=\"http:\/\/dutch100marathonrunners.com\/wp-content\/uploads\/2020\/01\/5-REG02-Weekbladen-31-12-2019-GTE-1-Redactie.pdf\" target=\"_blank\" rel=\"noopener noreferrer\"><img loading=\"lazy\" decoding=\"async\" class=\"size-full wp-image-1245\" src=\"http:\/\/dutch100marathonrunners.com\/wp-content\/uploads\/2020\/01\/Foto-Bennie-376-x-350.jpg\" alt=\"\" width=\"376\" height=\"350\" srcset=\"https:\/\/dutch100marathonrunners.com\/wp-content\/uploads\/2020\/01\/Foto-Bennie-376-x-350.jpg 376w, https:\/\/dutch100marathonrunners.com\/wp-content\/uploads\/2020\/01\/Foto-Bennie-376-x-350-300x279.jpg 300w\" sizes=\"auto, (max-width: 376px) 100vw, 376px\" \/><\/a><figcaption id=\"caption-attachment-1245\" class=\"wp-caption-text\">Bennie de Vries heeft op zijn 54ste verjaardag in Berlijn zijn 500ste (ultra)marathon volbracht. Klik op de foto om het verslag in het Regio Nieuwsblad te lezen.<\/figcaption><\/figure>\n<p><a href=\"http:\/\/dutch100marathonrunners.com\/wp-content\/uploads\/2012\/10\/Adidas-Running-shoes-2011-orange-sneakers-1-75-x-51.jpg\"><img loading=\"lazy\" decoding=\"async\" class=\"size-full wp-image-216 aligncenter\" src=\"http:\/\/dutch100marathonrunners.com\/wp-content\/uploads\/2012\/10\/Adidas-Running-shoes-2011-orange-sneakers-1-75-x-51.jpg\" alt=\"\" width=\"75\" height=\"51\" \/><\/a><\/p>\n<figure id=\"attachment_1244\" aria-describedby=\"caption-attachment-1244\" style=\"width: 269px\" class=\"wp-caption aligncenter\"><a href=\"http:\/\/dutch100marathonrunners.com\/wp-content\/uploads\/2020\/01\/23-REG07-Weekbladen-24-12-2019-GTE-1-Redactie.pdf\" target=\"_blank\" rel=\"noopener noreferrer\"><img loading=\"lazy\" decoding=\"async\" class=\"size-full wp-image-1244\" src=\"http:\/\/dutch100marathonrunners.com\/wp-content\/uploads\/2020\/01\/Bennie-de-Vries-500-volbracht-269-x-350.jpg\" alt=\"\" width=\"269\" height=\"350\" srcset=\"https:\/\/dutch100marathonrunners.com\/wp-content\/uploads\/2020\/01\/Bennie-de-Vries-500-volbracht-269-x-350.jpg 269w, https:\/\/dutch100marathonrunners.com\/wp-content\/uploads\/2020\/01\/Bennie-de-Vries-500-volbracht-269-x-350-231x300.jpg 231w\" sizes=\"auto, (max-width: 269px) 100vw, 269px\" \/><\/a><figcaption id=\"caption-attachment-1244\" class=\"wp-caption-text\">Bennie de Vries hoopt op 29 december 2019 zijn 500ste (ultra)marathon te volbrengen. Klik op de foto om het bericht in het Regio Nieuwsblad te lezen.<\/figcaption><\/figure>\n<p style=\"text-align: center;\"><a href=\"http:\/\/dutch100marathonrunners.com\/wp-content\/uploads\/2012\/10\/Adidas-Running-shoes-2011-orange-sneakers-1-75-x-51.jpg\"><img loading=\"lazy\" decoding=\"async\" class=\"alignnone size-full wp-image-216\" src=\"http:\/\/dutch100marathonrunners.com\/wp-content\/uploads\/2012\/10\/Adidas-Running-shoes-2011-orange-sneakers-1-75-x-51.jpg\" alt=\"\" width=\"75\" height=\"51\" \/><\/a><\/p>\n","protected":false},"excerpt":{"rendered":"<p>Bennie de Vries volbracht op 18 mei 2025 in Letland zijn 1000ste marathon. Klik hier voor het volledige artikel. &#8220;Lieber Bennie, der 100 Marathon Club Deutschland gratuliert dir herzlich zum n\u00e4chsten Jubil\u00e4um und w\u00fcnscht dir viel Erfolg beim Deutschlandlauf&#8221; &nbsp; &nbsp;<\/p>\n","protected":false},"author":3,"featured_media":0,"parent":0,"menu_order":0,"comment_status":"closed","ping_status":"closed","template":"","meta":{"footnotes":""},"class_list":["post-1236","page","type-page","status-publish","hentry"],"_links":{"self":[{"href":"https:\/\/dutch100marathonrunners.com\/index.php?rest_route=\/wp\/v2\/pages\/1236","targetHints":{"allow":["GET"]}}],"collection":[{"href":"https:\/\/dutch100marathonrunners.com\/index.php?rest_route=\/wp\/v2\/pages"}],"about":[{"href":"https:\/\/dutch100marathonrunners.com\/index.php?rest_route=\/wp\/v2\/types\/page"}],"author":[{"embeddable":true,"href":"https:\/\/dutch100marathonrunners.com\/index.php?rest_route=\/wp\/v2\/users\/3"}],"replies":[{"embeddable":true,"href":"https:\/\/dutch100marathonrunners.com\/index.php?rest_route=%2Fwp%2Fv2%2Fcomments&post=1236"}],"version-history":[{"count":17,"href":"https:\/\/dutch100marathonrunners.com\/index.php?rest_route=\/wp\/v2\/pages\/1236\/revisions"}],"predecessor-version":[{"id":1779,"href":"https:\/\/dutch100marathonrunners.com\/index.php?rest_route=\/wp\/v2\/pages\/1236\/revisions\/1779"}],"wp:attachment":[{"href":"https:\/\/dutch100marathonrunners.com\/index.php?rest_route=%2Fwp%2Fv2%2Fmedia&parent=1236"}],"curies":[{"name":"wp","href":"https:\/\/api.w.org\/{rel}","templated":true}]}}

<p>Bennie de Vries volbracht op 18 mei 2025 in Letland zijn 1000ste marathon.<br />
<a href="https://dutch100marathonrunners.com/wp-content/uploads/2025/05/Artikel-Kanaalstreek.jpg">Klik hier</a> voor het volledige artikel.</p>
<p><img loading="lazy" decoding="async" class="aligncenter wp-image-1776" src="https://dutch100marathonrunners.com/wp-content/uploads/2025/05/Bennie-1000-300x234.jpg" alt="Bennie de Vries volbracht op 18 mei 2025 in Letland zijn 1000ste marathon" width="600" height="469" srcset="https://dutch100marathonrunners.com/wp-content/uploads/2025/05/Bennie-1000-300x234.jpg 300w, https://dutch100marathonrunners.com/wp-content/uploads/2025/05/Bennie-1000-768x600.jpg 768w, https://dutch100marathonrunners.com/wp-content/uploads/2025/05/Bennie-1000.jpg 936w" sizes="auto, (max-width: 600px) 100vw, 600px" /></p>
<p><em><span style="color: #ff0000;">&#8220;Lieber Bennie, der 100 Marathon Club Deutschland gratuliert dir herzlich zum nächsten Jubiläum und wünscht dir viel Erfolg beim Deutschlandlauf&#8221;</span></em></p>
<figure id="attachment_1665" aria-describedby="caption-attachment-1665" style="width: 450px" class="wp-caption aligncenter"><img loading="lazy" decoding="async" class="wp-image-1665" src="https://dutch100marathonrunners.com/wp-content/uploads/2024/07/Bennie-800-6-juli-2024-verticaal.jpg" alt="" width="450" height="600" srcset="https://dutch100marathonrunners.com/wp-content/uploads/2024/07/Bennie-800-6-juli-2024-verticaal.jpg 576w, https://dutch100marathonrunners.com/wp-content/uploads/2024/07/Bennie-800-6-juli-2024-verticaal-225x300.jpg 225w" sizes="auto, (max-width: 450px) 100vw, 450px" /><figcaption id="caption-attachment-1665" class="wp-caption-text">Bennie de Vries liep op 6 juli 2024 zijn 800ste marathon.</figcaption></figure>
<p>&nbsp;</p>
<figure id="attachment_1598" aria-describedby="caption-attachment-1598" style="width: 600px" class="wp-caption aligncenter"><a href="https://dutch100marathonrunners.com/wp-content/uploads/2024/01/Benny-de-Vries-700-marathons-1.3-MB.pdf" target="_blank" rel="noopener"><img loading="lazy" decoding="async" class="wp-image-1598" src="https://dutch100marathonrunners.com/wp-content/uploads/2024/01/700-bennie-de-vries-300x187.jpg" alt="" width="600" height="374" srcset="https://dutch100marathonrunners.com/wp-content/uploads/2024/01/700-bennie-de-vries-300x187.jpg 300w, https://dutch100marathonrunners.com/wp-content/uploads/2024/01/700-bennie-de-vries-768x479.jpg 768w, https://dutch100marathonrunners.com/wp-content/uploads/2024/01/700-bennie-de-vries.jpg 960w" sizes="auto, (max-width: 600px) 100vw, 600px" /></a><figcaption id="caption-attachment-1598" class="wp-caption-text">Bennie de Vries heeft op oudejaarsdag 2023 in Bremen(D) zijn 700ste officiële (ultra)marathon gelopen. Klik op de afbeelding om de publicatie te lezen.</figcaption></figure>
<p><img loading="lazy" decoding="async" class="aligncenter wp-image-1601" src="https://dutch100marathonrunners.com/wp-content/uploads/2024/01/Oorkonde-Benny-700-300x225.jpg" alt="" width="600" height="450" srcset="https://dutch100marathonrunners.com/wp-content/uploads/2024/01/Oorkonde-Benny-700-300x225.jpg 300w, https://dutch100marathonrunners.com/wp-content/uploads/2024/01/Oorkonde-Benny-700.jpg 640w" sizes="auto, (max-width: 600px) 100vw, 600px" /></p>
<p><img loading="lazy" decoding="async" class="aligncenter wp-image-216 size-full" src="https://dutch100marathonrunners.com/wp-content/uploads/2012/10/Adidas-Running-shoes-2011-orange-sneakers-1-75-x-51.jpg" alt="" width="75" height="51" /></p>
<figure id="attachment_1285" aria-describedby="caption-attachment-1285" style="width: 411px" class="wp-caption aligncenter"><a href="http://dutch100marathonrunners.com/wp-content/uploads/2020/07/3-REG01-Weekbladen-13-05-2020-GTE-1-Redactie.pdf"><img loading="lazy" decoding="async" class="wp-image-1285 size-full" src="http://dutch100marathonrunners.com/wp-content/uploads/2020/07/Bennie-de-Vries-13-mei-2020-Kanaalstreek-Ter-Apeler-Courant.jpg" alt="" width="411" height="554" srcset="https://dutch100marathonrunners.com/wp-content/uploads/2020/07/Bennie-de-Vries-13-mei-2020-Kanaalstreek-Ter-Apeler-Courant.jpg 411w, https://dutch100marathonrunners.com/wp-content/uploads/2020/07/Bennie-de-Vries-13-mei-2020-Kanaalstreek-Ter-Apeler-Courant-223x300.jpg 223w" sizes="auto, (max-width: 411px) 100vw, 411px" /></a><figcaption id="caption-attachment-1285" class="wp-caption-text">Bennie de Vries  op 13 mei 2020 in de &#8220;Kanaalstreek Ter Apeler Courant&#8221;.  Klik op de afbeelding om het artikel te lezen</figcaption></figure>
<p style="text-align: center;"><img loading="lazy" decoding="async" class="alignnone size-full wp-image-216" src="http://dutch100marathonrunners.com/wp-content/uploads/2012/10/Adidas-Running-shoes-2011-orange-sneakers-1-75-x-51.jpg" alt="" width="75" height="51" /></p>
<p>&nbsp;</p>
<figure id="attachment_1245" aria-describedby="caption-attachment-1245" style="width: 376px" class="wp-caption aligncenter"><a href="http://dutch100marathonrunners.com/wp-content/uploads/2020/01/5-REG02-Weekbladen-31-12-2019-GTE-1-Redactie.pdf" target="_blank" rel="noopener noreferrer"><img loading="lazy" decoding="async" class="size-full wp-image-1245" src="http://dutch100marathonrunners.com/wp-content/uploads/2020/01/Foto-Bennie-376-x-350.jpg" alt="" width="376" height="350" srcset="https://dutch100marathonrunners.com/wp-content/uploads/2020/01/Foto-Bennie-376-x-350.jpg 376w, https://dutch100marathonrunners.com/wp-content/uploads/2020/01/Foto-Bennie-376-x-350-300x279.jpg 300w" sizes="auto, (max-width: 376px) 100vw, 376px" /></a><figcaption id="caption-attachment-1245" class="wp-caption-text">Bennie de Vries heeft op zijn 54ste verjaardag in Berlijn zijn 500ste (ultra)marathon volbracht. Klik op de foto om het verslag in het Regio Nieuwsblad te lezen.</figcaption></figure>
<p><a href="http://dutch100marathonrunners.com/wp-content/uploads/2012/10/Adidas-Running-shoes-2011-orange-sneakers-1-75-x-51.jpg"><img loading="lazy" decoding="async" class="size-full wp-image-216 aligncenter" src="http://dutch100marathonrunners.com/wp-content/uploads/2012/10/Adidas-Running-shoes-2011-orange-sneakers-1-75-x-51.jpg" alt="" width="75" height="51" /></a></p>
<figure id="attachment_1244" aria-describedby="caption-attachment-1244" style="width: 269px" class="wp-caption aligncenter"><a href="http://dutch100marathonrunners.com/wp-content/uploads/2020/01/23-REG07-Weekbladen-24-12-2019-GTE-1-Redactie.pdf" target="_blank" rel="noopener noreferrer"><img loading="lazy" decoding="async" class="size-full wp-image-1244" src="http://dutch100marathonrunners.com/wp-content/uploads/2020/01/Bennie-de-Vries-500-volbracht-269-x-350.jpg" alt="" width="269" height="350" srcset="https://dutch100marathonrunners.com/wp-content/uploads/2020/01/Bennie-de-Vries-500-volbracht-269-x-350.jpg 269w, https://dutch100marathonrunners.com/wp-content/uploads/2020/01/Bennie-de-Vries-500-volbracht-269-x-350-231x300.jpg 231w" sizes="auto, (max-width: 269px) 100vw, 269px" /></a><figcaption id="caption-attachment-1244" class="wp-caption-text">Bennie de Vries hoopt op 29 december 2019 zijn 500ste (ultra)marathon te volbrengen. Klik op de foto om het bericht in het Regio Nieuwsblad te lezen.</figcaption></figure>
<p style="text-align: center;"><a href="http://dutch100marathonrunners.com/wp-content/uploads/2012/10/Adidas-Running-shoes-2011-orange-sneakers-1-75-x-51.jpg"><img loading="lazy" decoding="async" class="alignnone size-full wp-image-216" src="http://dutch100marathonrunners.com/wp-content/uploads/2012/10/Adidas-Running-shoes-2011-orange-sneakers-1-75-x-51.jpg" alt="" width="75" height="51" /></a></p>

<p>Bennie de Vries volbracht op 18 mei 2025 in Letland zijn 1000ste marathon. Klik hier voor het volledige artikel. &#8220;Lieber Bennie, der 100 Marathon Club Deutschland gratuliert dir herzlich zum nächsten Jubiläum und wünscht dir viel Erfolg beim Deutschlandlauf&#8221; &nbsp; &nbsp;</p>
